t of 733188397?
8
What is the ten millions digit of 146115106?
4
What is the hundreds digit of 84764975?
9
What is the hundreds digit of 1673300629?
6
What is the tens digit of 812478162?
6
What is the millions digit of 14495289?
4
What is the millions digit of 3094998079?
4
What is the thousands digit of 84751967?
1
What is the ten millions digit of 423447027?
2
What is the units digit of 159519212?
2
What is the hundred millions digit of 223678962?
2
What is the units digit of 390493370?
0
What is the hundred thousands digit of 1137002?
1
What is the ten thousands digit of 7593513?
9
What is the ten thousands digit of 6993707?
9
What is the ten thousands digit of 238823725?
2
What is the hundred thousands digit of 66778256?
7
What is the millions digit of 2660463833?
0
What is the hundreds digit of 3224284597?
5
What is the ten thousands digit of 140418440?
1
What is the tens digit of 26316560?
6
What is the tens digit of 51293661?
6
What is the hundreds digit of 2620034299?
2
What is the hundreds digit of 68297466?
4
What is the ten millions digit of 47728052?
4
What is the hundred thousands digit of 178636264?
6
What is the units digit of 2366468179?
9
What is the thousands digit of 17131878?
1
What is the hundred millions digit of 281591560?
2
What is the ten thousands digit of 2376424?
7
What is the millions digit of 20194269?
0
What is the ten thousands digit of 83591975?
9
What is the hundred thousands digit of 5972308764?
3
What is the hundreds digit of 583804287?
2
What is the thousands digit of 22166737?
6
What is the hundreds digit of 3610198780?
7
What is the ten thousands digit of 230418580?
1
What is the millions digit of 250320051?
0
What is the hundreds digit of 82262449?
4
What is the hundred millions digit of 1227790028?
2
What is the millions digit of 2146606448?
6
What is the thousands digit of 593409426?
9
What is the ten thousands digit of 279515180?
1
What is the hundred thousands digit of 574942572?
9
What is the units digit of 53285150?
0
What is the units digit of 8731989?
9
What is the hundreds digit of 16125156?
1
What is the thousands digit of 51870945?
0
What is the units digit of 3877685698?
8
What is the hundreds digit of 4440353209?
2
What is the millions digit of 390671867?
0
What is the hundred thousands digit of 64284770?
2
What is the billions digit of 1564316986?
1
What is the ten thousands digit of 657574062?
7
What is the hundred millions digit of 2034153207?
0
What is the tens digit of 38296085?
8
What is the ten thousands digit of 2319233308?
3
What is the hundreds digit of 151426790?
7
What is the tens digit of 124136220?
2
What is the hundred thousands digit of 1289086986?
0
What is the hundreds digit of 324415560?
5
What is the millions digit of 502179478?
2
What is the millions digit of 57648496?
7
What is the tens digit of 177501985?
8
What is the hundred thousands digit of 949575866?
5
What is the ten thousands digit of 2691689055?
8
What is the thousands digit of 9384197?
4
What is the hundred thousands digit of 96277755?
2
What is the ten millions digit of 4232950702?
3
What is the thousands digit of 2308301294?
1
What is the units digit of 17884844?
4
What is the hundred thousands digit of 1185528648?
5
What is the tens digit of 61032001?
0
What is the ten thousands digit of 832621894?
2
What is the ten thousands digit of 368190052?
9
What is the hundreds digit of 296132492?
4
What is the hundred millions digit of 227437345?
2
What is the tens digit of 2152569875?
7
What is the hundred millions digit of 381923382?
3
What is the millions digit of 46788650?
6
What is the ten millions digit of 56460675?
5
What is the ten thousands digit of 39060396?
6
What is the units digit of 163590892?
2
What is the ten millions digit of 1728685914?
2
What is the tens digit of 110841939?
3
What is the units digit of 473913659?
9
What is the thousands digit of 28686619?
6
What is the ten millions digit of 3528990223?
2
What is the units digit of 129795518?
8
What is the thousands digit of 1145842375?
2
What is the units digit of 66852617?
7
What is the ten thousands digit of 156805623?
0
What is the ten thousands digit of 45627094?
2
What is the units digit of 281154264?
4
What is the billions digit of 1633962693?
1
What is the hundred thousands digit of 1079152803?
1
What is the ten millions digit of 86579676?
8
What is the ten thousands digit of 466326267?
2
What is the units digit of 704265690?
0
What is the hundreds digit of 527003482?
4
What is the units digit of 25279997?
7
What is the hundreds digit of 7441405?
4
What is the thousands digit of 1498224241?
4
What is the ten millions digit of 297798968?
9
What is the millions digit of 4189671?
4
What is the millions digit of 1610531407?
0
What is the millions digit of 31946359?
1
What is the hundred millions digit of 275366736?
2
What is the tens digit of 17865726?
2
What is the ten millions digit of 3819775410?
1
What is the units digit of 2335027373?
3
What is the millions digit of 5952111?
5
What is the hundred thousands digit of 294798531?
7
What is the hundreds digit of 42765586?
5
What is the units digit of 258387741?
1
What is the ten thousands digit of 3380232?
8
What is the ten millions digit of 1316573708?
1
What is the thousands digit of 159472801?
2
What is the tens digit of 3575146337?
3
What is the units digit of 56393544?
4
What is the ten millions digit of 100520040?
0
What is the millions digit of 22645129?
2
What is the units digit of 2518602893?
3
What is the units digit of 36253516?
6
What is the tens digit of 13809620?
2
What is the millions digit of 566144300?
6
What is the hundreds digit of 8309179859?
8
What is the tens digit of 63594887?
8
What is the hundreds digit of 106566027?
0
What is the ten millions digit of 114213048?
1
What is the millions digit of 54918961?
4
What is the ten millions digit of 5245393669?
4
What is the hundred millions digit of 816431332?
8
What is the hundred thousands digit of 188322238?
3
What is the tens digit of 80862697?
9
What is the millions digit of 4689397652?
9
What is the ten thousands digit of 106070147?
7
What is the ten millions digit of 204738005?
0
What is the hundreds digit of 1732883327?
3
What is the tens digit of 189805041?
4
What is the ten thousands digit of 90560643?
6
What is the units digit of 2747867427?
7
What is the units digit of 120655553?
3
What is the units digit of 80831011?
1
What is the thousands digit of 18600857?
0
What is the hundred thousands digit of 1375868026?
8
What is the tens digit of 1166176990?
9
What is the ten thousands digit of 948127661?
2
What is the ten thousands digit of 370490137?
9
What is the tens digit of 288281798?
9
What is the units digit of 844518394?
4
What is the ten thousands digit of 182687784?
8
What is the units digit of 83365941?
1
What is the ten millions digit of 116690729?
1
What is the hundreds digit of 1022513016?
0
What is the ten thousands digit of 21231106?
3
What is the thousands digit of 3298278599?
8
What is the hundred millions digit of 2192617743?
1
What is the hundred thousands digit of 1510358058?
3
What is the hundred millions digit of 151322377?
1
What is the hundred millions digit of 545493451?
5
What is the ten thousands digit of 48481282?
8
What is the billions digit of 2084015356?
2
What is the thousands digit of 12113304?
3
What is the units digit of 552634628?
8
What is the tens digit of 1776738745?
4
What is the ten millions digit of 234476228?
3
What is the thousands digit of 1023548715?
8
What is the billions digit of 2937371397?
2
What is the millions digit of 38673736?
8
What is the ten millions digit of 70688409?
7
What is the hundred millions digit of 839296370?
8
What is the hundred millions digit of 326582210?
3
What is the thousands digit of 1410866065?
6
What is the thousands digit of 381853642?
3
What is the tens digit of 68797038?
3
What is the ten millions digit of 227847290?
2
What is the millions digit of 763925614?
3
What is the units digit of 207036211?
1
What is the millions digit of 100636749?
0
What is the hundreds digit of 616495057?
0
What is the tens digit of 886898560?
6
What is the hundred millions digit of 7816437280?
8
What is the ten thousands digit of 23025980?
2
What is the mill